 by s.
4
Let t be (2/(-4))/((-4)/16). Suppose 5*m = -3*y + 35, 4*m = 4*y - t - 2. Suppose 1 = m*q - 11. Calculate the remainder when q is divided by 2.
1
Suppose -4*j + 5*j = 9. Suppose -j = -3*s + 96. Calculate the remainder when s is divided by 12.
11
Suppose -5*m + 4*m + 2 = 0. Suppose m*n + 1 - 5 = 0. Calculate the remainder when 3 is divided by n.
1
Calculate the remainder when 9 is divided by (-325)/26*(-4)/10.
4
Suppose 42*n - 40*n = 46. Calculate the remainder when n is divided by 14.
9
Suppose -2*t + 3 = -3. Suppose -t*h = -126 - 27. What is the remainder when h is divided by 13?
12
Let k = 18 + -13. Let j = -87 + 106. Calculate the remainder when j is divided by k.
4
Suppose 4*k + 3*c = 51, -4*k + 2*c + 2*c = -16. Let r = 9 - 6. Suppose 0 = -r*z - z + 104. What is the remainder when z is divided by k?
8
Let w(f) = 16*f**3 + 2*f**2 - f - 1. Calculate the remainder when 63 is divided by w(1).
15
Let h be ((-20)/(-6))/(4/6). Suppose k + 144 = h*k. Let m = 4 + k. What is the remainder when m is divided by 21?
19
Let n = 8 + -8. Suppose n = -4*l + h - 3*h + 46, 14 = 2*l - 2*h. What is the remainder when 38 is divided by l?
8
Suppose -3*g - 9 + 0 = 0, 419 = 4*c + 3*g. Calculate the remainder when c is divided by 10.
7
Suppose -3*u + 4 - 1 = 0. Let b = u - -5. Calculate the remainder when 10 is divided by b.
4
Let h(y) = y**3 - 2*y**2 + y + 1. Calculate the remainder when 36 is divided by h(3).
10
Calculate the remainder when -1 + (-235)/(-4) + 21/84 is divided by 15.
13
Suppose -5*p + 16 = 1. Suppose -p*i + 8*i - 120 = 0. Calculate the remainder when 172/i - (-2)/(-12) is divided by 4.
3
Let r(c) be the second derivative of 9*c**5/20 - c**4/12 - c**3/6 + c**2/2 - 3*c. Calculate the remainder when ((-45)/(-12))/((-2)/(-8)) is divided by r(1).
7
Calculate the remainder when (18 - -7) + (-5 - -2) is divided by 5.
2
Let h = -7 - -8. Suppose -x = -h - 1. Suppose 4*o = -2*d + 14, 0 = -2*d - o + 3 + 2. Calculate the remainder when x is divided by d.
0
Let n = 40 - 28. What is the remainder when (40/12)/((-4)/(-54)) is divided by n?
9
Let s = 11 - 6. Suppose -s*w - 2*t - 1 = -58, -5*t + 5 = 0. Calculate the remainder when 32 is divided by w.
10
Suppose u + 2*u = -18. Let x = u - -29. What is the remainder when 44 is divided by x?
21
Let r(s) = s**3 + 7*s**2 - 6*s + 6. Let y be r(-8). Let a be (2 + 0)*y/4. Let x(o) = o**2 - 2*o. Calculate the remainder when x(a) is divided by 18.
17
Let u(v) = v + 1. Let o(j) = 12*j - 2. Let s(f) = -o(f) - u(f). Suppose -5*n - 13 = -8. What is the remainder when 26 is divided by s(n)?
12
Suppose 15 = 3*x - 12. What is the remainder when x is divided by 3?
0
Let x(q) = 3*q**3 + 4*q**2 - 3*q + 1. Let c(i) = i**3 + 1. Let f(z) = -c(z) + x(z). What is the remainder when 49 is divided by f(2)?
23
Suppose r - 5*r = -20. Suppose o - 5 = j - 0, 25 = 5*o. Suppose -r = -l - j. Calculate the remainder when 18 is divided by l.
3
Suppose 3*s = b + 2, 0 = 3*s + 2*b - b + 8. Let x be (1 + -1)*(2 + s). Suppose -76 = -x*v - 2*v. What is the remainder when v is divided by 13?
12
Let p = 57 + -17. Let w(i) = i**3 + 3*i**2 - 2*i - 2. What is the remainder when p is divided by w(2)?
12
Suppose 0*i + 6 = -5*i - 3*z, 4*i + 2*z = -4. Let j(b) = -b + 2. Let l be j(-3). What is the remainder when 18 is divided by i + (0 + 2)*l?
8
Let n = 1 + 1. Suppose f + 18 = 2*f. Suppose -p + f + 4 = d, -n*p - 28 = -d. What is the remainder when d is divided by 13?
11
Let p be (-40)/(-7) + (-2)/(-7). Let h be (p/(-4))/(9/(-18)). Suppose h*f = -0*j - 4*j + 21, 0 = 3*f + 5*j - 18. What is the remainder when 20 is divided by f?
9
Suppose 3 = 5*c - 2. Suppose -3*p = -c - 5. Suppose s + 5*g + 1 = -1, -3*s - g + 8 = 0. Calculate the remainder when s is divided by p.
1
Suppose -3*n = -6*n - 6. Calculate the remainder when 33 is divided by ((-102)/(-18))/(n/(-6)).
16
Let o(z) = z**2 - z - 3. Let d be o(4). Suppose -d = -0*s - s. Let c = 63 + -28. Calculate the remainder when c is divided by s.
8
Let g(b) = -14*b - 1. Suppose -4*m = -24 - 176. Calculate the remainder when m is divided by g(-1).
11
Let z(m) = -10*m - 2. Let d(j) = 3*j + 1. Let a(s) = -21*d(s) - 6*z(s). Calculate the remainder when 42 is divided by a(-8).
12
Let q = 21 - 11. Calculate the remainder when 17 is divided by q.
7
Suppose -3*r + 2*u + 9 = -15, r = -2*u. Suppose 3*d = 11 + 1. Suppose 2*o + 78 = d*b - 3*o, 4 = 2*o. What is the remainder when b is divided by r?
4
Let b = 103 + -88. What is the remainder when 17 is divided by b?
2
What is the remainder when 30 is divided by (1 - 10/6)*-12?
6
Suppose 2*w - 2*l - 36 = 0, -3*l + 62 = 4*w - 2*l. Suppose -5*z - 2*r = -165, -2*z - 3*r + 139 = 2*z. Calculate the remainder when z is divided by w.
15
Calculate the remainder when 101 is divided by 45/2 + 12/(-8).
17
Let h(p) = -p. Let a be h(-1). Let o(t) = 26*t + 1. Let r be o(a). Calculate the remainder when r + -1*(-2 + 2) is divided by 15.
12
Suppose 2*p = 3*p - 3. What is the remainder when 9 is divided by p?
0
Suppose 5*p = 3*t - 83, 5*t - 5*p + 13 = 148. Calculate the remainder when 72 is divided by t.
20
Suppose 3*h - 5*h = -4. Suppose 0 = 3*y + h*y - 35. Let l = -7 - -11. Calculate the remainder when y is divided by l.
3
Suppose -5*v + 133 = m - 5, 5*m = -10. Let u = -7 + v. Let x = u - 11. Calculate the remainder when 17 is divided by x.
7
Calculate the remainder when 35 is divided by (1 - -2)/((-30)/(-100)).
5
Suppose -3*a - 285 = -g, 5*g + 5*a - 1055 = g. Let r = -8 + 12. Calculate the remainder when g/8 + 1/r is divided by 18.
16
Let b(p) = 6*p**2 - p. Let h be b(1). Suppose 4*d = 16, j - 5*d + 4 = -1. Let k = h + j. What is the remainder when k is divided by 11?
9
Let s(d) = 5*d**3 - d. Let y be s(1). Suppose 0 = -0*t - 5*t + y*w + 82, -3*w + 33 = 3*t. Calculate the remainder when 27 is divided by t.
13
Let g(a) = 31*a + 4. Let k(p) = 92*p + 12. Let z(v) = -17*g(v) + 6*k(v). What is the remainder when z(2) is divided by 19?
16
Let v = -1 - -1. Suppose -4 = -2*s - v. Suppose s = -w + 13. Calculate the remainder when 20 is divided by w.
9
Let w = 7 + 11. Let h(d) = d**2 + 3*d + 1. What is the remainder when w is divided by h(-4)?
3
Suppose -11*d + 18 = -147. What is the remainder when d is divided by 8?
7
Suppose -9*n + 7*n + 24 = 0. Let q = -8 + n. What is the remainder when q is divided by 4?
0
Suppose -3*n + 24 - 3 = 0. Calculate the remainder when 13 is divided by n.
6
Let q = 41 - -2. What is the remainder when q is divided by 11?
10
What is the remainder when 74 is divided by (-2 + 1)/((-3)/75)?
24
Let h = -11 - -15. Let n = 2 - 2. Suppose n = 5*r - 2*y - 30, h*r + 3*y = -26 + 73. What is the remainder when 22 is divided by r?
6
Suppose 6*p = 2*p + 12. Suppose p*m - 6*m = 0. Suppose 40 = 4*d - m*d. What is the remainder when d is divided by 6?
4
Suppose -5*x + 80 = 5*g, 5*g - 62 = -4*x + 17. Calculate the remainder when 178 is divided by g.
13
Let o(a) = a**3 - a**2 - a + 18. Suppose -1 = -4*t + 7. Suppose 4*z = 8*y - 3*y - 92, -t*z = 4*y - 58. Calculate the remainder when o(4) is divided by y.
14
Let n = -2 + 2. Suppose n = 5*r - 2 - 8. Let a = 5 + -1. Calculate the remainder when a is divided by r.
0
Suppose -2*o - 2*s + 14 = 0, 8*o - 3*o + 4*s - 31 = 0. Suppose -2*w + k + 5 = 0, o*k = 2*w - 0*k + 1. What is the remainder when 10 is divided by w?
2
Let m(g) = 2*g**3 + 3*g**2 + 2*g + 3. Let c be m(-2). What is the remainder when (-204)/(-10) + 2/(-5) is divided by (-1)/5 - 56/c?
9
Suppose 4*o + 6*g - 326 = 3*g, -4*g = -3*o + 257. What is the remainder when o is divided by 21?
20
Let j be (-2)/5*-1*835. Suppose -2*v + o - 37 = -j, -3*v = -2*o - 445. Suppose -4*z - y + v = -27, z - 41 = -y. Calculate the remainder when z is divided by 16.
13
Let h(y) = 68*y + 1. Calculate the remainder when h(1) is divided by 10.
9
Suppose 16 = 4*d, -2*a - 2*d + 41 = a. Let o(v) = -20*v**3 - v**2 + 1. Calculate the remainder when o(-1) is divided by a.
9
Let x(j) = 2*j**2 - 4*j + 7. Calculate the remainder when x(5) is divided by 4*((-34)/(-8) + -1).
11
Suppose -4 = -4*b, -m = m - 3*b - 75. Suppose -55 = -5*q + 5*n, 4*q = -n - n + 26. Let j = m - q. Calculate the remainder when j is divided by 11.
9
Let c(d) = 0*d**2 + 0*d**2 + 1 + 15*d**3. Let w = 7 - -24. What is the remainder when w is divided